2 - 6172*d + 1348. What is j(12)?
4
Let f(u) = -u**3 - 7*u**2 - 8*u - 229. Determine f(-15).
1691
Let x(n) = 1241652*n + 14899822. Give x(-12).
-2
Let p(k) = -58*k**2 - 643*k + 58. Give p(-15).
-3347
Let b(l) = 124*l**3 - 2965*l**2 - 245*l - 440. Calculate b(24).
16
Let b(j) = 4*j**3 - 6*j**2 + 12*j + 51. Give b(-5).
-659
Let q(k) = -102*k - 5056. Calculate q(-51).
146
Let c(s) = -s**3 + 365*s**2 + 12699*s - 170. Calculate c(-32).
-10
Let p(s) = 85*s + 10276. Determine p(-118).
246
Let k(b) = 2*b**2 - 310*b + 11124. Give k(76).
-884
Let p(c) = c**3 + 173*c**2 + 180*c + 367817. Calculate p(-183).
-13
Let p(i) = -3*i**2 + 70844*i + 3194040. Give p(-45).
-15
Let b(x) = -x**3 + 292*x**2 - 1693*x - 6564. What is b(286)?
14
Let y(g) = -g**3 - 78*g**2 + 195*g + 3475. Calculate y(-80).
675
Let o(n) = 375*n**2 + 105375*n + 7. Determine o(-281).
7
Let t(a) = -3*a**2 + 2874*a + 144819. What is t(1006)?
-45
Let m(b) = 34849*b + 313650. What is m(-9)?
9
Let n(q) = -188*q**3 + 140*q**2 - 12*q + 12. Give n(1).
-48
Let m(u) = -u**2 - 94*u + 672. Calculate m(-87).
1281
Let u(z) = 4*z**3 + 198*z**2 - 32*z + 3412. Give u(-50).
12
Let w(f) = -f**2 + 16794*f - 50372. Give w(3).
1
Let x(u) = -3*u**3 - 133*u**2 + 702*u - 62. Calculate x(-49).
-846
Let v(i) = i**3 + 29*i**2 + 208*i - 296. Calculate v(-19).
-638
Let m(f) = -f**3 - 63*f**2 - 139*f + 215. Determine m(-60).
-2245
Let z(p) = 19*p**2 + 623*p + 5107. Calculate z(-17).
7
Let l(a) = -2*a**2 - 1249*a - 140411. Give l(-147).
-26
Let c(n) = -2*n**2 - 159*n + 14201. What is c(52)?
525
Let o(z) = -49861*z + 149587. Determine o(3).
4
Let g(o) = -34937*o - 2026353. Determine g(-58).
-7
Let u(n) = 874*n**2 - 60*n + 27. Calculate u(-2).
3643
Let t(w) = -255*w + 6217. Determine t(25).
-158
Let d(a) = 173*a - 7350. Give d(45).
435
Let b(o) = o**2 + 2199*o + 87567. Calculate b(-40).
1207
Let w(l) = -33*l**2 + 221*l - 446. Give w(2).
-136
Let r(t) = 2*t**3 - 29*t**2 + 91*t - 693. Give r(13).
-17
Let j(a) = -79972*a - 1919437. Give j(-24).
-109
Let k(d) = 25998*d - 129992. Determine k(5).
-2
Let s(d) = d**3 - 158*d**2 - 1312*d - 2793. Give s(166).
-137
Let h(g) = -g**3 + 31*g**2 + 29*g + 793. Calculate h(35).
-3092
Let j(u) = -506*u - 7535. What is j(-15)?
55
Let h(k) = 4*k**2 + 344*k + 3700. Determine h(-72).
-332
Let c(i) = 17*i**2 - 679*i + 11628. Determine c(17).
4998
Let m(u) = 3*u**2 - 10*u - 2833. Calculate m(32).
-81
Let h(p) = -24425*p + 390771. Give h(16).
-29
Let a(w) = -584*w**2 + 9940*w - 208. What is a(17)?
-4
Let s(o) = 13*o**2 - 19687*o - 59183. Determine s(-3).
-5
Let k(g) = 19*g**2 + 270*g + 68. What is k(-21)?
2777
Let a(v) = 2*v**3 + 37*v**2 - 99*v + 27. Calculate a(-21).
-99
Let m(p) = 3080*p**2 - 12345*p + 97. Calculate m(4).
-3
Let w(g) = -33896*g - 17727611. Give w(-523).
-3
Let d(u) = -u**2 - 3727*u - 154782. Determine d(-42).
-12
Let g(h) = -2*h**2 - 10568*h + 42275. What is g(4)?
-29
Let c(b) = b**3 + 7*b**2 - 530*b - 177. Determine c(20).
23
Let q(v) = -18465*v + 55409. What is q(3)?
14
Let r(h) = 44*h**2 + 531*h - 561. Calculate r(1).
14
Let s(u) = 5*u**2 + 3616*u + 639565. Determine s(-415).
50
Let q(a) = -96*a**3 + 203*a**2 - 206*a + 2. What is q(1)?
-97
Let z(k) = k**3 + 43*k**2 + 33*k + 1590. What is z(-43)?
171
Let h(p) = -33773*p - 135161. Determine h(-4).
-69
Let b(m) = -m**3 + 445*m**2 - 9700*m - 139. Determine b(23).
-1
Let m(s) = -2*s**3 - 84*s**2 - 299*s + 782. Determine m(-38).
592
Let n(t) = 5071*t - 268733. What is n(53)?
30
Let a(t) = -49070*t - 49251. What is a(-1)?
-181
Let g(r) = 2*r**3 + 42*r**2 - 96*r - 123. Determine g(10).
5117
Let s(b) = -31*b**3 - 2201*b**2 - 172*b - 12211. What is s(-71)?
1
Let r(c) = 17*c**3 - 24*c**2 + 56*c - 71. Calculate r(2).
81
Let l(u) = 8765*u + 17515. Calculate l(-2).
-15
Let i(s) = 39507*s - 3713667. What is i(94)?
-9
Let h(r) = -r**3 - 39*r**2 - 33*r - 8817. What is h(-43)?
-2
Let a(n) = -24*n**3 + 733*n**2 - 354*n - 1094. Calculate a(30).
-14
Let a(i) = i**3 - 122*i**2 - 1044*i + 1077. Determine a(130).
557
Let v(y) = -3*y**2 - 2022*y + 2019. What is v(1)?
-6
Let d(v) = -1012*v + 38892. Determine d(38).
436
Let v(l) = 4374585*l + 13123746. Calculate v(-3).
-9
Let c(x) = x**3 - 76*x**2 + 137*x + 1411. Calculate c(74).
597
Let a(h) = h**3 + h**2 - 246*h - 1346. Give a(-12).
22
Let r(a) = a**3 + 30*a**2 + 296*a + 58. Give r(-11).
-899
Let s(l) = 8*l**3 - 320*l**2 - 308*l + 44. Give s(41).
864
Let s(y) = -11*y**2 - 550*y + 4400. Give s(-57).
11
Let j(w) = 69*w**3 - 10*w**2 - 57*w + 1. What is j(1)?
3
Let d(m) = m**2 - 2931*m + 89912. Determine d(31).
12
Let o(s) = -4*s**2 - 657*s - 1344. Calculate o(-162).
114
Let h(g) = 19*g**2 + 5622*g - 5635. What is h(1)?
6
Let r(s) = 131*s - 10595. Determine r(80).
-115
Let f(b) = -37*b + 2474. Give f(45).
809
Let u(t) = -t**2 + 3624*t - 2519445. Determine u(938).
23
Let s(p) = p**3 - 123*p**2 - 277*p + 324. Calculate s(125).
-3051
Let j(s) = -s**3 + 168*s**2 - 1476*s - 16439. Determine j(158).
-7
Let i(r) = -r**2 + 3466*r - 274190. What is i(81)?
-5
Let f(x) = 4592*x + 27703. Give f(-6).
151
Let w(h) = 1176*h + 572727. Give w(-487).
15
Let o(r) = -94*r + 4003. Calculate o(44).
-133
Let u(w) = -w**2 + 349*w + 31239. What is u(-81)?
-3591
Let x(t) = -58129*t - 348701. What is x(-6)?
73
Let m(f) = 42*f**2 - 1268*f - 103. Calculate m(30).
-343
Let w(y) = y**3 - 21*y**2 + 1325*y - 47674. Give w(30).
176
Let y(h) = 7*h**3 + 356*h**2 - 18*h + 1677. Give y(-51).
-6
Let r(f) = -16*f**2 + 7306*f + 29502. What is r(-4)?
22
Let s(f) = -165354*f - 992186. What is s(-6)?
-62
Let n(g) = 1107*g + 34198. Determine n(-31).
-119
Let j(q) = q**3 - 16*q**2 + 826*q - 15514. What is j(18)?
2
Let f(l) = l**2 - 13518*l - 365742. Calculate f(-27).
-27
Let l(z) = -2*z**2 - 335*z + 1530372. What is l(795)?
-3
Let h(m) = 12*m**3 + 17*m**2 + 86*m + 10. Calculate h(-4).
-830
Let o(d) = 61164*d + 366930. Calculate o(-6).
-54
Let r(x) = 1311*x + 10675. Calculate r(-8).
187
Let n(h) = 2*h**3 + 85*h**2 - 139*h + 3874. Calculate n(-45).
4
Let l(a) = -31*a**3 + 5*a**2 + 719*a - 723. What is l(1)?
-30
Let q(k) = 9*k**2 + 22*k - 15. What is q(1)?
16
Let w(s) = -6644*s + 13295. Determine w(2).
7
Let j(y) = 26*y + 3630. What is j(-134)?
146
Let b(r) = -9366*r - 65544. Determine b(-7).
18
Let l(z) = z**3 - 8059*z**2 - 96848*z + 63. What is l(-12)?
15
Let l(b) = 30*b + 3316. What is l(-42)?
2056
Let o(y) = -9*y**2 + 4279*y - 12812. Give o(3).
-56
Let d(w) = 9623*w - 7236504. Give d(752).
-8
Let m(d) = -15*d**2 - 290*d - 906. Determine m(-4).
14
Let h(r) = 599*r - 9295. Determine h(14).
-909
Let w(c) = -16*c**3 - 645*c**2 - 200*c - 83. What is w(-40)?
-83
Let k(q) = -1533*q + 1315169. Calculate k(858).
-145
Let h(z) = -3*z**2 + 3947*z + 15749. Calculate h(-4).
-87
Let n(d) = -d**3 + 289*d**2 - 1138*d - 550. Calculate n(285).
20
Let r(p) = p**2 + 23*p - 307. Determine r(-25).
-257
Let g(h) = 107486*h - 214953. Give g(2).
19
Let b(k) = 2*k**2 - 468*k + 23321. Calculate b(162).
-7
Let r(o) = -2*o**3 - 106*o**2 - o - 216. Calculate r(-53).
-163
Let q(z) = -3*z**3 - 31*z**2 + 218*z + 336. Calculate q(-15).
216
Let m(c) = -24*c**2 + 6178*c + 3626. Calculate m(258).
14
Let s(c) = c**3 - 67*c**2 + 71*c - 437. Calculate s(66).
-107
Let h(l) = 2*l**2 + 286*l - 11165. Give h(-175).
35
Let x(m) = 98497*m - 590985. What is x(6)?
-3
Let q(f) = 4*f**3 + 62*f**2 + 412*f + 6928. Determine q(-16).
-176
Let s(v) = 57136*v - 1599799. Calculate s(28).
9
Let s(y) = -2*y**3 + 110*y**2 + 1061*y - 58361. What is s(55)?
-6
Let x(j) = -j**3 + 56*j**2 + 880*j + 1641. What is x(69)?
468
Let r(h) = 3*h**3 + 55*h**2 - 19*h + 286. Calculate r(-19).
-75
Let b(c) = -1017*c - 169856. Give b(-167).
-17
Let w(j) = -3*j**3 - 20*j**2 - 1696*j - 6724. What is w(-4)?
-68
Let o(x) = -3*x**3 + 395*x**2 + 829*x - 91992. Determine o(132).
12
Let z(s) = -3237*s + 1822436. Calculate z(563).
5
Let f(u) = -u**3 - 22*u**2 - 35*u - 612. Calculate f(-23).
722
Let r(z) = 3*z**2 - 521*z + 11664. Determine r(26).
146
Let s(j) = j**3 + 13*j**2 - 113*j - 1464. What is s(-12)?
36
Let w(t) = 10*t**3 + 4*t**2 + 135*t - 415. Give w(3).
296
Let i(s) = 533*s**3 - 2*s**2 + 3*s + 4. Calculate i(-1).
-534
Let y(o) = o**2 - 36*o + 16. Calculate y(32).
-112
Let t(q) = 58*q**2 + 230*q + 53. What is t(-5)?
353
Le